{"id":11,"date":"2019-02-03T19:28:18","date_gmt":"2019-02-03T19:28:18","guid":{"rendered":"http:\/\/foerderverein-gs-weissensee.de\/?page_id=11"},"modified":"2023-05-03T07:53:04","modified_gmt":"2023-05-03T07:53:04","slug":"impressum","status":"publish","type":"page","link":"https:\/\/foerderverein-gs-weissensee.de\/?page_id=11","title":{"rendered":"Impressum"},"content":{"rendered":"\n<h2 class=\"wp-block-heading\"><strong>F\u00f6rderverein der Traumzauberbaum Grundschule Wei\u00dfensee e.V.<\/strong><\/h2>\n\n\n\n<p>Johannesstra\u00dfe 1, 99631 Wei\u00dfensee<br>Frau Stephanie Rohrig <br><\/p>\n\n\n\n<p>Vorsitz:               Stephanie Rohrig<br> stv. Vorsitz:      Susanne Ziernberg<br> Kassenwart:    Maria G\u00e4rtner<\/p>\n\n\n\n<p><\/p>\n\n\n\n<h3 class=\"wp-block-heading\"><strong>Datenschutzerkl\u00e4rung<\/strong><\/h3>\n\n\n\n<p>Mit Ihrem\nAntrag auf Aufnahme in unseren Verein stellen Sie uns im Anmeldeformular\npersonenbezogene Daten zur Verf\u00fcgung, welche wir im Rahmen und zur Erf\u00fcllung\nunserer Vereinszwecke erheben und verarbeiten. Nach Artikel 13 der DS-GVO haben\nSie das Recht, dar\u00fcber informiert zu werden, welche Daten zu welchem Zweck\nverarbeitet und wie lange gespeichert werden. <\/p>\n\n\n\n<ol><li><strong>Datenschutzverantwortlicher<\/strong><\/li><\/ol>\n\n\n\n<p>Datenschutzrechtlich Verantwortlicher ist der F\u00f6rderverein der Traumzauberbaum Grundschule Wei\u00dfensee e.V., vertreten durch den Vorstand Stephanie Rohrig, Susanne Ziernberg und Maria G\u00e4rtner. Diesen erreichen Sie per E-Mail unter: <a href=\"mailto:kontakt@foerderverein-gs-weissensee.de\">kontakt@foerderverein-gs-weissensee.de<\/a>\u00a0\u00a0\u00a0\u00a0\u00a0\u00a0\u00a0\u00a0\u00a0\u00a0\u00a0  <\/p>\n\n\n\n<ul><li><strong>Erhebung und Speicherung der Daten<\/strong><\/li><\/ul>\n\n\n\n<p>Der F\u00f6rderverein verarbeitet ausschlie\u00dflich personenbezogene Daten,\ndie wir im Rahmen Ihrer Mitgliedschaft im F\u00f6rderverein erhalten haben. Mit\nIhrer Einwilligung auf unserem Mitgliedsantrag haben Sie uns eine ausdr\u00fcckliche\nEinwilligung zur Verarbeitung Ihrer Daten gegeben. Artikel&nbsp;6 Abs. 1a)\nDSGVO ist die Rechtsgrundlage f\u00fcr diese Verarbeitung.<\/p>\n\n\n\n<p>Relevante personenbezogene Daten\nsind insbesondere Personalien wie: Name, Adresse und Kontoverbindung sowie Ihre\nKontaktdaten. Diese Daten werden generell nicht an Dritte \u00fcbermittelt. Kontaktdaten\nwerden ausschlie\u00dflich f\u00fcr eine evtl. Kontaktaufnahme im Rahmen der\nMitgliedschaft gespeichert. <\/p>\n\n\n\n<ul><li><strong>Dauer der Speicherung und L\u00f6schung<\/strong><\/li><\/ul>\n\n\n\n<p>Die personenbezogenen Daten werden f\u00fcr die Dauer der Mitgliedschaft\ngespeichert. Sie werden gel\u00f6scht, sobald sie f\u00fcr den Zweck der Verarbeitung\nnicht mehr ben\u00f6tigt werden, sofern nicht gesetzliche Aufbewahrungsfristen etwas\nAnderes bestimmen. <\/p>\n\n\n\n<p>Wir f\u00fchren ein Vereinsarchiv. Ausschlie\u00dflich f\u00fcr diesen Zweck werden\nIhr Name und Vorname \u00fcber die Mitgliedschaft hinaus gespeichert. Der\nSpeicherung liegt ein berechtigtes Interesse des Vereins an der\nzeitgeschichtlichen Dokumentation bspw. von Veranstaltungen und gef\u00f6rderten\nProjekten zugrunde. <\/p>\n\n\n\n<ul><li><strong>Informationen\n\u00fcber Cookies<\/strong><\/li><\/ul>\n\n\n\n<p>Auf unserer Webseite werden technisch notwendige Cookies eingesetzt.\nEs handelt sich dabei um kleine Textdateien, die im bzw. von Ihrem\nInternetbrowser auf Ihrem Computersystem gespeichert werden.&nbsp;Rechtsgrundlage\nf\u00fcr diese Verarbeitung ist Artikel 6 Abs.1 f) DSGVO. Unser berechtigtes\nInteresse ist die Funktionsf\u00e4higkeit unserer Webseite. Die durch technisch\nnotwendige Cookies erhobenen <\/p>\n\n\n\n<p>Nutzerdaten werden nicht zur Erstellung von Nutzerprofilen verwendet.\nDadurch wird Ihr Interesse am Datenschutz gewahrt. <\/p>\n\n\n\n<p>Die technisch notwendigen Cookies\nwerden im Regelfall mit dem Schlie\u00dfen des Browsers gel\u00f6scht. Dauerhaft\ngespeicherte Cookies haben eine unterschiedlich lange Lebensdauer von einigen\nMinuten bis zu mehreren Jahren. Falls Sie die Speicherung dieser Cookies nicht\nw\u00fcnschen, deaktivieren Sie bitte die Annahme dieser Cookies in Ihrem\nInternetbrowser. Dies kann aber eine Funktionseinschr\u00e4nkung unserer Webseite\nzur Folge haben. <\/p>\n\n\n\n<ul><li><strong>Ihre Rechte<\/strong><\/li><\/ul>\n\n\n\n<p>Sie haben folgende Rechte: <\/p>\n\n\n\n<ul><li>das Recht auf Auskunft nach Artikel 15 DSGVO<\/li><li>das Recht auf Berichtigung nach Artikel 16 DSGVO<\/li><li>das Recht auf L\u00f6schung nach Artikel 17 DSGVO<\/li><li>das Recht auf Einschr\u00e4nkung der Verarbeitung\nnach Artikel 18 DSGVO<\/li><li>das Recht auf Daten\u00fcbertragbarkeit nach Artikel\n20 DSGVO<\/li><li>das Recht auf Beschwerde bei deiner\nAufsichtsbeh\u00f6rde nach Artikel 77 DSGVO<\/li><li>das Recht, eine erteilte Einwilligung jederzeit\nwiderrufen zu k\u00f6nnen, ohne dass die Rechtm\u00e4\u00dfigkeit der aufgrund der\nEinwilligung bis zum Widerruf erfolgten Verarbeitung hierdurch ber\u00fchrt wird <\/li><\/ul>\n\n\n\n<p>Soweit wir die Verarbeitung der personenbezogenen Daten auf eine\nInteressenabw\u00e4gung st\u00fctzen, k\u00f6nnen Sie Widerspruch gem. Artikel 21 DSGSVO gegen\ndie Verarbeitung einlegen. Dem Widerspruch ist ganz oder teilweise zu\nentsprechen, wenn triftige Gr\u00fcnde vorhanden sind, die einer weiteren\nVerarbeitung entgegenstehen. Diese Gr\u00fcnde teilen Sie uns bitte mit dem\nWiderspruch mit. Wir pr\u00fcfen sodann die Sachlage und werden die Verarbeitung\nentweder einstellen bzw. anpassen oder Ihnen die gewichtigen Gr\u00fcnde der\nFortf\u00fchrung der Verarbeitung mitteilen. <\/p>\n\n\n\n<p>Wenn Sie die Verarbeitung\npersonenbezogener Daten mit einem Ihrer Anspr\u00fcche unterbunden haben, kann das\nzur Folge haben, dass Sie nur noch eingeschr\u00e4nkt oder gar nicht mehr am\nVereinsleben teilhaben k\u00f6nnen. <\/p>\n\n\n\n<ul><li><strong>Aktualit\u00e4t und \u00c4nderung der\nDatenschutzerkl\u00e4rung<\/strong><\/li><\/ul>\n\n\n\n<p>\n\nDiese Datenschutzerkl\u00e4rung ist aktuell g\u00fcltig und hat\nden Stand Januar 2019.\n\n\n\n<\/p>\n","protected":false},"excerpt":{"rendered":"<p>F\u00f6rderverein der Traumzauberbaum Grundschule Wei\u00dfensee e.V. Johannesstra\u00dfe 1, 99631 Wei\u00dfenseeFrau Stephanie Rohrig Vorsitz: Stephanie Rohrig stv. Vorsitz: Susanne Ziernberg Kassenwart: Maria G\u00e4rtner Datenschutzerkl\u00e4rung Mit Ihrem Antrag auf Aufnahme in unseren Verein stellen Sie uns im Anmeldeformular personenbezogene Daten zur Verf\u00fcgung, welche wir im Rahmen und zur Erf\u00fcllung unserer Vereinszwecke erheben und verarbeiten. Nach Artikel 13 &hellip; <\/p>\n<p class=\"link-more\"><a href=\"https:\/\/foerderverein-gs-weissensee.de\/?page_id=11\" class=\"more-link\"><span class=\"screen-reader-text\">\u201eImpressum\u201c<\/span> weiterlesen<\/a><\/p>\n","protected":false},"author":1,"featured_media":0,"parent":0,"menu_order":0,"comment_status":"closed","ping_status":"closed","template":"","meta":[],"_links":{"self":[{"href":"https:\/\/foerderverein-gs-weissensee.de\/index.php?rest_route=\/wp\/v2\/pages\/11"}],"collection":[{"href":"https:\/\/foerderverein-gs-weissensee.de\/index.php?rest_route=\/wp\/v2\/pages"}],"about":[{"href":"https:\/\/foerderverein-gs-weissensee.de\/index.php?rest_route=\/wp\/v2\/types\/page"}],"author":[{"embeddable":true,"href":"https:\/\/foerderverein-gs-weissensee.de\/index.php?rest_route=\/wp\/v2\/users\/1"}],"replies":[{"embeddable":true,"href":"https:\/\/foerderverein-gs-weissensee.de\/index.php?rest_route=%2Fwp%2Fv2%2Fcomments&post=11"}],"version-history":[{"count":10,"href":"https:\/\/foerderverein-gs-weissensee.de\/index.php?rest_route=\/wp\/v2\/pages\/11\/revisions"}],"predecessor-version":[{"id":111,"href":"https:\/\/foerderverein-gs-weissensee.de\/index.php?rest_route=\/wp\/v2\/pages\/11\/revisions\/111"}],"wp:attachment":[{"href":"https:\/\/foerderverein-gs-weissensee.de\/index.php?rest_route=%2Fwp%2Fv2%2Fmedia&parent=11"}],"curies":[{"name":"wp","href":"https:\/\/api.w.org\/{rel}","templated":true}]}}